532697?
3
What is the hundreds digit of 11858660?
6
What is the units digit of 796442?
2
What is the thousands digit of 10788987?
8
What is the thousands digit of 4482103?
2
What is the units digit of 231215?
5
What is the ten thousands digit of 3980404?
8
What is the millions digit of 3984078?
3
What is the ten thousands digit of 104890?
0
What is the hundred thousands digit of 20039493?
0
What is the units digit of 12024711?
1
What is the millions digit of 4957813?
4
What is the thousands digit of 192139?
2
What is the tens digit of 988181?
8
What is the hundred thousands digit of 2539869?
5
What is the hundreds digit of 1850900?
9
What is the ten thousands digit of 257373?
5
What is the hundred thousands digit of 3048191?
0
What is the ten thousands digit of 104576?
0
What is the tens digit of 8343640?
4
What is the hundreds digit of 19142?
1
What is the ten thousands digit of 29346636?
4
What is the tens digit of 185822?
2
What is the tens digit of 4349209?
0
What is the hundreds digit of 2906260?
2
What is the units digit of 19779008?
8
What is the thousands digit of 473077?
3
What is the millions digit of 1831109?
1
What is the thousands digit of 292191?
2
What is the tens digit of 244490?
9
What is the hundreds digit of 471317?
3
What is the hundred thousands digit of 3928586?
9
What is the hundreds digit of 737821?
8
What is the tens digit of 798340?
4
What is the units digit of 1754239?
9
What is the thousands digit of 78983?
8
What is the units digit of 258438?
8
What is the thousands digit of 189942?
9
What is the hundred thousands digit of 12018835?
0
What is the hundreds digit of 1160657?
6
What is the thousands digit of 432547?
2
What is the hundred thousands digit of 13948466?
9
What is the ten thousands digit of 14329818?
2
What is the thousands digit of 914935?
4
What is the hundred thousands digit of 2373119?
3
What is the tens digit of 23470283?
8
What is the tens digit of 292393?
9
What is the thousands digit of 13301668?
1
What is the hundred thousands digit of 2261044?
2
What is the hundreds digit of 3692588?
5
What is the units digit of 6006576?
6
What is the hundred thousands digit of 802306?
8
What is the thousands digit of 116303?
6
What is the tens digit of 499350?
5
What is the ten thousands digit of 314478?
1
What is the ten thousands digit of 1730753?
3
What is the hundreds digit of 6381087?
0
What is the hundreds digit of 5552039?
0
What is the ten millions digit of 37363447?
3
What is the hundred thousands digit of 668717?
6
What is the hundred thousands digit of 12936071?
9
What is the hundred thousands digit of 20163536?
1
What is the thousands digit of 395175?
5
What is the thousands digit of 2919436?
9
What is the hundred thousands digit of 1237532?
2
What is the hundred thousands digit of 2061648?
0
What is the ten thousands digit of 699827?
9
What is the ten thousands digit of 102861?
0
What is the units digit of 3343576?
6
What is the hundreds digit of 131313?
3
What is the ten millions digit of 26266902?
2
What is the units digit of 9681665?
5
What is the thousands digit of 16084568?
4
What is the hundred thousands digit of 834295?
8
What is the units digit of 273437?
7
What is the units digit of 21535983?
3
What is the units digit of 3810703?
3
What is the units digit of 222062?
2
What is the hundreds digit of 566223?
2
What is the tens digit of 54097?
9
What is the millions digit of 5618206?
5
What is the hundred thousands digit of 135420?
1
What is the ten thousands digit of 1352380?
5
What is the ten thousands digit of 572088?
7
What is the units digit of 2152503?
3
What is the hundreds digit of 3290937?
9
What is the units digit of 12448459?
9
What is the ten thousands digit of 7751931?
5
What is the hundred thousands digit of 31896202?
8
What is the ten thousands digit of 596520?
9
What is the thousands digit of 622732?
2
What is the ten thousands digit of 81523?
8
What is the ten thousands digit of 1286528?
8
What is the ten thousands digit of 182509?
8
What is the ten thousands digit of 1052703?
5
What is the units digit of 711485?
5
What is the units digit of 25950067?
7
What is the units digit of 1003622?
2
What is the millions digit of 15109749?
5
What is the units digit of 890335?
5
What is the hundred thousands digit of 443176?
4
What is the units digit of 1399975?
5
What is the hundred thousands digit of 6759254?
7
What is the thousands digit of 129824?
9
What is the units digit of 7993809?
9
What is the hundred thousands digit of 7902986?
9
What is the tens digit of 2537646?
4
What is the thousands digit of 217535?
7
What is the units digit of 341933?
3
What is the thousands digit of 5062754?
2
What is the hundreds digit of 12382086?
0
What is the units digit of 619150?
0
What is the thousands digit of 834316?
4
What is the ten thousands digit of 85248?
8
What is the thousands digit of 18320?
8
What is the hundred thousands digit of 2995161?
9
What is the ten thousands digit of 182758?
8
What is the hundred thousands digit of 593069?
5
What is the hundred thousands digit of 213172?
2
What is the units digit of 4146150?
0
What is the ten thousands digit of 154586?
5
What is the hundreds digit of 330304?
3
What is the hundreds digit of 100964?
9
What is the millions digit of 1093451?
1
What is the millions digit of 19831480?
9
What is the ten thousands digit of 1212676?
1
What is the hundreds digit of 2011875?
8
What is the ten thousands digit of 318698?
1
What is the tens digit of 8401492?
9
What is the units digit of 3042918?
8
What is the ten millions digit of 16323840?
1
What is the hundreds digit of 780879?
8
What is the ten thousands digit of 3897936?
9
What is the millions digit of 1095737?
1
What is the tens digit of 224849?
4
What is the hundreds digit of 16643791?
7
What is the units digit of 4752101?
1
What is the millions digit of 1387492?
1
What is the hundreds digit of 28027449?
4
What is the hundreds digit of 130532?
5
What is the units digit of 637605?
5
What is the tens digit of 236062?
6
What is the units digit of 1958375?
5
What is the tens digit of 26422797?
9
What is the ten thousands digit of 4381632?
8
What is the ten thousands digit of 2651798?
5
What is the units digit of 140757?
7
What is the units digit of 1610691?
1
What is the hundred thousands digit of 3793347?
7
What is the units digit of 1105829?
9
What is the tens digit of 5304714?
1
What is the units digit of 15044288?
8
What is the hundreds digit of 1614029?
0
What is the hundred thousands digit of 12803823?
8
What is the millions digit of 25145148?
5
What is the thousands digit of 268245?
8
What is the ten thousands digit of 760527?
6
What is the ten thousands digit of 5166918?
6
What is the units digit of 75790?
0
What is the tens digit of 3981718?
1
What is the units digit of 5552855?
5
What is the millions digit of 29426275?
9
What is the units digit of 2905004?
4
What is the units digit of 122396?
6
What is the hundred thousands digit of 528590?
5
What is the units digit of 1007641?
1
What is the hundreds digit of 802122?
1
What is the units digit of 273890?
0
What is the tens digit of 102365?
6
What is the hundreds digit of 2729482?
4
What is the tens digit of 678764?
6
What is the hundreds digit of 9896214?
2
What is the tens digit of 296952?
5
What is the units digit of 30544?
4
What is the hundreds digit of 144616?
6
What is the ten millions digit of 10458747?
1
What is the hundred thousands digit of 4985397?
9
What is the hundreds digit of 725682?
6
What is the thousands digit of 85267?
5
What is the units digit of 1294409?
9
What is the tens digit of 20139300?
0
What is the ten thousands digit of 342279?
4
What is the units digit of 354208?
8
What is the thousands digit of 1104369?
4
What is the units digit of 49912?
2
What is the units digit of 3954306?
6
What is the units digit of 520604?
4
What is the hundred thousands digit of 12277743?
2
What is the hundred thousands digit of 208797?
2
What is the units digit of 187229?
9
What is the thousands digit of 5224375?
4
What is the tens digit of 5102651?
5
What is the thousands digit of 3559962?
9
What is the hundred thousands digit of 267733?
2
What is the hundreds digit of 6456781?
7
What is the hundred thousands digit of 407987?
4
What is t